{"version":"1.0","provider_name":"Eva Vedel","provider_url":"http:\/\/evavedel.com\/en","author_name":"admin3648","author_url":"http:\/\/evavedel.com\/en\/author\/admin3648\/","title":"Temporalit\u00e9(s) subjective(s) : d\u00e9-anthropocentrer notre rapport au temps - Eva Vedel","type":"rich","width":600,"height":338,"html":"<blockquote class=\"wp-embedded-content\" data-secret=\"Dviue8LSO5\"><a href=\"http:\/\/evavedel.com\/en\/temporalites-subjectives-de-anthropocentrer-notre-rapport-au-temps\/\">Temporalit\u00e9(s) subjective(s) : d\u00e9-anthropocentrer notre rapport au temps<\/a><\/blockquote><iframe sandbox=\"allow-scripts\" security=\"restricted\" src=\"http:\/\/evavedel.com\/en\/temporalites-subjectives-de-anthropocentrer-notre-rapport-au-temps\/embed\/#?secret=Dviue8LSO5\" width=\"600\" height=\"338\" title=\"&#8220;Temporalit\u00e9(s) subjective(s) : d\u00e9-anthropocentrer notre rapport au temps&#8221; &#8212; Eva Vedel\" data-secret=\"Dviue8LSO5\" frameborder=\"0\" marginwidth=\"0\" marginheight=\"0\" scrolling=\"no\" class=\"wp-embedded-content\"><\/iframe><script>\n\/*! This file is auto-generated *\/\n!function(d,l){\"use strict\";l.querySelector&&d.addEventListener&&\"undefined\"!=typeof URL&&(d.wp=d.wp||{},d.wp.receiveEmbedMessage||(d.wp.receiveEmbedMessage=function(e){var t=e.data;if((t||t.secret||t.message||t.value)&&!\/[^a-zA-Z0-9]\/.test(t.secret)){for(var s,r,n,a=l.querySelectorAll('iframe[data-secret=\"'+t.secret+'\"]'),o=l.querySelectorAll('blockquote[data-secret=\"'+t.secret+'\"]'),c=new RegExp(\"^https?:$\",\"i\"),i=0;i<o.length;i++)o[i].style.display=\"none\";for(i=0;i<a.length;i++)s=a[i],e.source===s.contentWindow&&(s.removeAttribute(\"style\"),\"height\"===t.message?(1e3<(r=parseInt(t.value,10))?r=1e3:~~r<200&&(r=200),s.height=r):\"link\"===t.message&&(r=new URL(s.getAttribute(\"src\")),n=new URL(t.value),c.test(n.protocol))&&n.host===r.host&&l.activeElement===s&&(d.top.location.href=t.value))}},d.addEventListener(\"message\",d.wp.receiveEmbedMessage,!1),l.addEventListener(\"DOMContentLoaded\",function(){for(var e,t,s=l.querySelectorAll(\"iframe.wp-embedded-content\"),r=0;r<s.length;r++)(t=(e=s[r]).getAttribute(\"data-secret\"))||(t=Math.random().toString(36).substring(2,12),e.src+=\"#?secret=\"+t,e.setAttribute(\"data-secret\",t)),e.contentWindow.postMessage({message:\"ready\",secret:t},\"*\")},!1)))}(window,document);\n\/\/# sourceURL=http:\/\/evavedel.com\/wp-includes\/js\/wp-embed.min.js\n<\/script>","description":"Le mat\u00e9rialisme met en lumi\u00e8re diverses temporalit\u00e9s, avec lesquelles nous avons besoin de coexister. Toutefois, l\u2019acc\u00e9l\u00e9ration est une strat\u00e9gie qui efface la diff\u00e9rence entre le temps du monde et le temps de notre vie. Comment peut-on repr\u00e9senter le temps autrement afin de rem\u00e9dier \u00e0 cette d\u00e9synchronisation ? Le temps math\u00e9matique En moyenne, j\u2019active mon smartphone [&hellip;]"}

Temporalité(s) subjective(s) : dé-anthropocentrer notre rapport au temps - Eva Vedel

<blockquote class="wp-embedded-content" data-secret="Dviue8LSO5"><a href="http://evavedel.com/en/temporalites-subjectives-de-anthropocentrer-notre-rapport-au-temps/">Temporalité(s) subjective(s) : dé-anthropocentrer notre rapport au temps</a></blockquote><iframe sandbox="allow-scripts" security="restricted" src="http://evavedel.com/en/temporalites-subjectives-de-anthropocentrer-notre-rapport-au-temps/embed/#?secret=Dviue8LSO5" width="600" height="338" title="&#8220;Temporalité(s) subjective(s) : dé-anthropocentrer notre rapport au temps&#8221; &#8212; Eva Vedel" data-secret="Dviue8LSO5" frameborder="0" marginwidth="0" marginheight="0" scrolling="no" class="wp-embedded-content"></iframe><script>
/*! This file is auto-generated */
!function(d,l){"use strict";l.querySelector&&d.addEventListener&&"undefined"!=typeof URL&&(d.wp=d.wp||{},d.wp.receiveEmbedMessage||(d.wp.receiveEmbedMessage=function(e){var t=e.data;if((t||t.secret||t.message||t.value)&&!/[^a-zA-Z0-9]/.test(t.secret)){for(var s,r,n,a=l.querySelectorAll('iframe[data-secret="'+t.secret+'"]'),o=l.querySelectorAll('blockquote[data-secret="'+t.secret+'"]'),c=new RegExp("^https?:$","i"),i=0;i<o.length;i++)o[i].style.display="none";for(i=0;i<a.length;i++)s=a[i],e.source===s.contentWindow&&(s.removeAttribute("style"),"height"===t.message?(1e3<(r=parseInt(t.value,10))?r=1e3:~~r<200&&(r=200),s.height=r):"link"===t.message&&(r=new URL(s.getAttribute("src")),n=new URL(t.value),c.test(n.protocol))&&n.host===r.host&&l.activeElement===s&&(d.top.location.href=t.value))}},d.addEventListener("message",d.wp.receiveEmbedMessage,!1),l.addEventListener("DOMContentLoaded",function(){for(var e,t,s=l.querySelectorAll("iframe.wp-embedded-content"),r=0;r<s.length;r++)(t=(e=s[r]).getAttribute("data-secret"))||(t=Math.random().toString(36).substring(2,12),e.src+="#?secret="+t,e.setAttribute("data-secret",t)),e.contentWindow.postMessage({message:"ready",secret:t},"*")},!1)))}(window,document);
//# sourceURL=http://evavedel.com/wp-includes/js/wp-embed.min.js
</script>

Le matérialisme met en lumière diverses temporalités, avec lesquelles nous avons besoin de coexister. Toutefois, l’accélération est une stratégie qui efface la différence entre le temps du monde et le temps de notre vie. Comment peut-on représenter le temps autrement afin de remédier à cette désynchronisation ? Le temps mathématique En moyenne, j’active mon smartphone [&hellip;]
