{"version":"1.0","provider_name":"Eva Vedel","provider_url":"https:\/\/evavedel.com\/en","author_name":"admin3648","author_url":"https:\/\/evavedel.com\/en\/author\/admin3648\/","title":"Exposition Premier Printemps - Eva Vedel","type":"rich","width":600,"height":338,"html":"<blockquote class=\"wp-embedded-content\" data-secret=\"ofGYm4oeG3\"><a href=\"https:\/\/evavedel.com\/en\/exposition-premier-printemps\/\">Exposition Premier Printemps<\/a><\/blockquote><iframe sandbox=\"allow-scripts\" security=\"restricted\" src=\"https:\/\/evavedel.com\/en\/exposition-premier-printemps\/embed\/#?secret=ofGYm4oeG3\" width=\"600\" height=\"338\" title=\"&#8220;Exposition Premier Printemps&#8221; &#8212; Eva Vedel\" data-secret=\"ofGYm4oeG3\" frameborder=\"0\" marginwidth=\"0\" marginheight=\"0\" scrolling=\"no\" class=\"wp-embedded-content\"><\/iframe><script>\n\/*! This file is auto-generated *\/\n!function(d,l){\"use strict\";l.querySelector&&d.addEventListener&&\"undefined\"!=typeof URL&&(d.wp=d.wp||{},d.wp.receiveEmbedMessage||(d.wp.receiveEmbedMessage=function(e){var t=e.data;if((t||t.secret||t.message||t.value)&&!\/[^a-zA-Z0-9]\/.test(t.secret)){for(var s,r,n,a=l.querySelectorAll('iframe[data-secret=\"'+t.secret+'\"]'),o=l.querySelectorAll('blockquote[data-secret=\"'+t.secret+'\"]'),c=new RegExp(\"^https?:$\",\"i\"),i=0;i<o.length;i++)o[i].style.display=\"none\";for(i=0;i<a.length;i++)s=a[i],e.source===s.contentWindow&&(s.removeAttribute(\"style\"),\"height\"===t.message?(1e3<(r=parseInt(t.value,10))?r=1e3:~~r<200&&(r=200),s.height=r):\"link\"===t.message&&(r=new URL(s.getAttribute(\"src\")),n=new URL(t.value),c.test(n.protocol))&&n.host===r.host&&l.activeElement===s&&(d.top.location.href=t.value))}},d.addEventListener(\"message\",d.wp.receiveEmbedMessage,!1),l.addEventListener(\"DOMContentLoaded\",function(){for(var e,t,s=l.querySelectorAll(\"iframe.wp-embedded-content\"),r=0;r<s.length;r++)(t=(e=s[r]).getAttribute(\"data-secret\"))||(t=Math.random().toString(36).substring(2,12),e.src+=\"#?secret=\"+t,e.setAttribute(\"data-secret\",t)),e.contentWindow.postMessage({message:\"ready\",secret:t},\"*\")},!1)))}(window,document);\n\/\/# sourceURL=https:\/\/evavedel.com\/wp-includes\/js\/wp-embed.min.js\n<\/script>","thumbnail_url":"https:\/\/evavedel.com\/wp-content\/uploads\/2022\/06\/affiche-carre-scaled.jpg","thumbnail_width":2560,"thumbnail_height":2560,"description":"Date exposition : avril 2022 Une m\u00e9diation et une sc\u00e9nographie collective Nous nous sommes rencontr\u00e9.es lors de nos \u00e9tudes en artet design et depuis, nous avons d\u00e9velopp\u00e9 une synergieconstruisant un processus de partage de nos travaux au seindu groupe. Cela nous permet d&rsquo;\u00eatre \u00e0 l&rsquo;initiative d&rsquo;uner\u00e9elle force de proposition individuelle influenc\u00e9e parces r\u00e9flexions collectives. Apr\u00e8s [&hellip;]"}

Date exposition : avril 2022 Une médiation et une scénographie collective Nous nous sommes rencontré.es lors de nos études en artet design et depuis, nous avons développé une synergieconstruisant un processus de partage de nos travaux au seindu groupe. Cela nous permet d&rsquo;être à l&rsquo;initiative d&rsquo;uneréelle force de proposition individuelle influencée parces réflexions collectives. Après [&hellip;]
